{"id":103,"date":"2025-12-06T01:42:05","date_gmt":"2025-12-06T01:42:05","guid":{"rendered":"https:\/\/musespace.io.vn\/?page_id=103"},"modified":"2025-12-26T13:39:58","modified_gmt":"2025-12-26T13:39:58","slug":"muse-studio","status":"publish","type":"page","link":"https:\/\/musespace.io.vn\/","title":{"rendered":"Muse Studio"},"content":{"rendered":"\n\t<section class=\"section\" id=\"section_1279853691\">\n\t\t<div class=\"bg section-bg fill bg-fill  bg-loaded\" >\n\n\t\t\t\n\t\t\t<div class=\"section-bg-overlay absolute fill\"><\/div>\n\t\t\t\n\n\t\t<\/div>\n\n\t\t\n\n\t\t<div class=\"section-content relative\">\n\t\t\t\n\n<div class=\"row row-collapse row-full-width align-middle\"  id=\"row-1860197563\">\n\n\n\t<div id=\"col-448025084\" class=\"col medium-8 small-12 large-8\"  >\n\t\t\t\t<div class=\"col-inner\"  >\n\t\t\t\n\t\t\t\n\n\t<div class=\"img has-hover x md-x lg-x y md-y lg-y\" id=\"image_877461225\">\n\t\t\t\t\t\t\t\t<div class=\"img-inner image-cover dark\" style=\"padding-top:90%;\">\n\t\t\t<img loading=\"lazy\" decoding=\"async\" width=\"904\" height=\"1024\" src=\"https:\/\/musespace.io.vn\/wp-content\/uploads\/2025\/12\/z7222744403898_016660e141137ed34a9f694f584d676a-1.jpg\" class=\"attachment-large size-large\" alt=\"\" srcset=\"https:\/\/musespace.io.vn\/wp-content\/uploads\/2025\/12\/z7222744403898_016660e141137ed34a9f694f584d676a-1.jpg 904w, https:\/\/musespace.io.vn\/wp-content\/uploads\/2025\/12\/z7222744403898_016660e141137ed34a9f694f584d676a-1-510x578.jpg 510w, https:\/\/musespace.io.vn\/wp-content\/uploads\/2025\/12\/z7222744403898_016660e141137ed34a9f694f584d676a-1-265x300.jpg 265w, https:\/\/musespace.io.vn\/wp-content\/uploads\/2025\/12\/z7222744403898_016660e141137ed34a9f694f584d676a-1-768x870.jpg 768w\" sizes=\"auto, (max-width: 904px) 100vw, 904px\" \/>\t\t\t\t\t\t\n\t\t\t\t\t<\/div>\n\t\t\t\t\t\t\t\t\n<style>\n#image_877461225 {\n  width: 100%;\n}\n<\/style>\n\t<\/div>\n\t\n\n\n\t\t<\/div>\n\t\t\t\t\t<\/div>\n\n\t\n\n\t<div id=\"col-765542041\" class=\"col medium-4 small-12 large-4\"  >\n\t\t\t\t<div class=\"col-inner text-center\"  >\n\t\t\t\n\t\t\t\n\n<h2 style=\"text-align: center;\">Diver<\/h2>\n<p style=\"text-align: left;\" data-path-to-node=\"4\">Ch\u00fang t\u00f4i l\u00e0 <b>MuseStudio<\/b>, \u0111\u01b0\u1ee3c th\u00e0nh l\u1eadp v\u00e0 v\u1eadn h\u00e0nh b\u1edfi <b>Diver<\/b> \u2013 nh\u00f3m sinh vi\u00ean n\u0103m cu\u1ed1i \u0111\u1ebfn t\u1eeb khoa Marketing.<\/p>\n<p style=\"text-align: left;\" data-path-to-node=\"5\">MuseStudio kh\u00f4ng ch\u1ec9 l\u00e0 m\u1ed9t d\u1ef1 \u00e1n h\u1ecdc t\u1eadp, m\u00e0 c\u00f2n l\u00e0 <b>m\u00f4 h\u00ecnh kinh doanh th\u1ef1c t\u1ebf<\/b> gi\u00fap ch\u00fang t\u00f4i \u00e1p d\u1ee5ng m\u1ecdi ki\u1ebfn th\u1ee9c Marketing \u0111\u00e3 h\u1ecdc. V\u1edbi t\u01b0 c\u00e1ch l\u00e0 nh\u1eefng ng\u01b0\u1eddi tr\u1ebb \u0111ang h\u1ecdc t\u1eadp, ch\u00fang t\u00f4i hi\u1ec3u r\u00f5 nhu c\u1ea7u c\u1ea7n c\u00f3 nh\u1eefng b\u1ee9c \u1ea3nh ch\u1ea5t l\u01b0\u1ee3ng (t\u1eeb \u1ea3nh profile, \u1ea3nh k\u1ef7 y\u1ebfu \u0111\u1ebfn kho\u1ea3nh kh\u1eafc c\u00e1 nh\u00e2n) v\u1edbi m\u1ee9c gi\u00e1 <b>th\u00e2n thi\u1ec7n nh\u1ea5t<\/b> v\u1edbi ng\u00e2n s\u00e1ch sinh vi\u00ean.<\/p>\n\n\t\t<\/div>\n\t\t\t\t\n<style>\n#col-765542041 > .col-inner {\n  padding: 10% 10% 10% 10%;\n  max-width: 520px;\n}\n<\/style>\n\t<\/div>\n\n\t\n\n<\/div>\n<div class=\"social-icons follow-icons full-width text-center\" style=\"font-size:111%\"><a href=\"https:\/\/www.facebook.com\/profile.php?id=61584172090393\" target=\"_blank\" data-label=\"Facebook\" class=\"icon primary button circle facebook tooltip\" title=\"Theo d\u00f5i tr\u00ean Facebook\" aria-label=\"Theo d\u00f5i tr\u00ean Facebook\" rel=\"noopener nofollow\"><i class=\"icon-facebook\" ><\/i><\/a><\/div>\n\n<h1 style=\"text-align: center;\">Reviews of our clients<\/h1>\n\n\t\t<\/div>\n\n\t\t\n<style>\n#section_1279853691 {\n  padding-top: 0px;\n  padding-bottom: 0px;\n  background-color: rgb(245, 240, 225);\n}\n#section_1279853691 .section-bg-overlay {\n  background-color: rgb(245, 240, 225);\n}\n<\/style>\n\t<\/section>\n\t\n\t<section class=\"section\" id=\"section_1076517227\">\n\t\t<div class=\"bg section-bg fill bg-fill  bg-loaded\" >\n\n\t\t\t\n\t\t\t<div class=\"section-bg-overlay absolute fill\"><\/div>\n\t\t\t\n\n\t\t<\/div>\n\n\t\t\n\n\t\t<div class=\"section-content relative\">\n\t\t\t\n\n<div class=\"row row-collapse row-full-width align-middle\"  id=\"row-1828948242\">\n\n\n\t<div id=\"col-11955359\" class=\"col medium-6 small-12 large-6\"  >\n\t\t\t\t<div class=\"col-inner\"  >\n\t\t\t\n\t\t\t\n\n\t<div class=\"img has-hover x md-x lg-x y md-y lg-y\" id=\"image_1641242232\">\n\t\t\t\t\t\t\t\t<div class=\"img-inner dark\" >\n\t\t\t<img loading=\"lazy\" decoding=\"async\" width=\"904\" height=\"1024\" src=\"https:\/\/musespace.io.vn\/wp-content\/uploads\/2025\/12\/z7222744403898_016660e141137ed34a9f694f584d676a-1.jpg\" class=\"attachment-large size-large\" alt=\"\" srcset=\"https:\/\/musespace.io.vn\/wp-content\/uploads\/2025\/12\/z7222744403898_016660e141137ed34a9f694f584d676a-1.jpg 904w, https:\/\/musespace.io.vn\/wp-content\/uploads\/2025\/12\/z7222744403898_016660e141137ed34a9f694f584d676a-1-510x578.jpg 510w, https:\/\/musespace.io.vn\/wp-content\/uploads\/2025\/12\/z7222744403898_016660e141137ed34a9f694f584d676a-1-265x300.jpg 265w, https:\/\/musespace.io.vn\/wp-content\/uploads\/2025\/12\/z7222744403898_016660e141137ed34a9f694f584d676a-1-768x870.jpg 768w\" sizes=\"auto, (max-width: 904px) 100vw, 904px\" \/>\t\t\t\t\t\t\n\t\t\t\t\t<\/div>\n\t\t\t\t\t\t\t\t\n<style>\n#image_1641242232 {\n  width: 100%;\n}\n<\/style>\n\t<\/div>\n\t\n\n\n\t\t<\/div>\n\t\t\t\t\t<\/div>\n\n\t\n\n\t<div id=\"col-540706318\" class=\"col medium-6 small-12 large-6\"  >\n\t\t\t\t<div class=\"col-inner text-center\"  >\n\t\t\t\n\t\t\t\n\n<h2>\u0110\u01b0a l\u1eddi nh\u1eadn x\u00e9t v\u00e0o \u0111\u00e2y<\/h2>\n<a class=\"button primary\"  >\n    <span>Add Any content here<\/span>\n  <\/a>\n\n\n\n\t\t<\/div>\n\t\t\t\t\n<style>\n#col-540706318 > .col-inner {\n  padding: 10% 10% 10% 10%;\n  max-width: 520px;\n}\n<\/style>\n\t<\/div>\n\n\t\n\n\n<style>\n#row-1828948242 > .col > .col-inner {\n  background-color: rgb(245, 240, 225);\n}\n<\/style>\n<\/div>\n\n\t\t<\/div>\n\n\t\t\n<style>\n#section_1076517227 {\n  padding-top: 0px;\n  padding-bottom: 0px;\n  background-color: rgb(245, 240, 225);\n}\n#section_1076517227 .section-bg-overlay {\n  background-color: rgb(245, 240, 225);\n}\n<\/style>\n\t<\/section>\n\t\n\n","protected":false},"excerpt":{"rendered":"","protected":false},"author":1,"featured_media":0,"parent":0,"menu_order":0,"comment_status":"closed","ping_status":"closed","template":"","meta":{"footnotes":""},"class_list":["post-103","page","type-page","status-publish","hentry"],"_links":{"self":[{"href":"https:\/\/musespace.io.vn\/index.php\/wp-json\/wp\/v2\/pages\/103","targetHints":{"allow":["GET"]}}],"collection":[{"href":"https:\/\/musespace.io.vn\/index.php\/wp-json\/wp\/v2\/pages"}],"about":[{"href":"https:\/\/musespace.io.vn\/index.php\/wp-json\/wp\/v2\/types\/page"}],"author":[{"embeddable":true,"href":"https:\/\/musespace.io.vn\/index.php\/wp-json\/wp\/v2\/users\/1"}],"replies":[{"embeddable":true,"href":"https:\/\/musespace.io.vn\/index.php\/wp-json\/wp\/v2\/comments?post=103"}],"version-history":[{"count":11,"href":"https:\/\/musespace.io.vn\/index.php\/wp-json\/wp\/v2\/pages\/103\/revisions"}],"predecessor-version":[{"id":310,"href":"https:\/\/musespace.io.vn\/index.php\/wp-json\/wp\/v2\/pages\/103\/revisions\/310"}],"wp:attachment":[{"href":"https:\/\/musespace.io.vn\/index.php\/wp-json\/wp\/v2\/media?parent=103"}],"curies":[{"name":"wp","href":"https:\/\/api.w.org\/{rel}","templated":true}]}}